et y = 8 - 3. Let k(c) = -3*c**3 + 22*c**2 - 3*c - 14. Let v(u) = 0*u**3 - u**2 + u + 84 - 6*u**2 + u**3 - 79. Let p(r) = 2*k(r) + 7*v(r). Calculate p(y).
12
Let q(j) = j**3 + j**2 - 3*j + 3. Let o(x) = x**3 - 3*x + 2. Let t(m) = -6*o(m) + 5*q(m). Let z = -87 - -93. Calculate t(z).
-15
Let b(p) = -2*p - 2*p + 2*p + 0 + 5. Let w be b(0). Let s(t) = -3 + 4 - 2 - t + w. What is s(6)?
-2
Suppose 3*a = q + 3, -2 = -q + 4*a - 5. Let k(y) = y**2 + 1. Let t = -7 + 8. Let o(s) = 3*s**2 + 3*s. Let f(u) = t*o(u) - 2*k(u). Determine f(q).
-2
Let j be (-1)/2 - 14/(-4). Let o(b) = j - b**3 - 13*b + b - 8*b**2 + 4*b. Calculate o(-7).
10
Let z(f) = -36*f - 1. Let p(q) = -323*q - 12. Let a(s) = 2*p(s) - 18*z(s). Let u = 1 + 1. Suppose -3*y = 3*t - 0*t - 18, y - 8 = -u*t. Determine a(y).
2
Let g(s) = -4*s**3 + 2*s**2 - s + 2. Let v be (765/68 + -12)/((-6)/16). What is g(v)?
-24
Let l(o) = o**3 + 9*o**2 + 3. Let v be l(-9). Let y(i) = -6*i**2 + 2*i**2 + v*i**3 + i + 4*i**2. Let x be y(-1). Let c(j) = -2*j - 5. Give c(x).
3
Suppose -3*d = -80 + 62. Let n(v) = 5 - 5*v**2 + d*v + 4*v**2 - 4 + 6. Determine n(8).
-9
Let r(q) = q - 9. Let j(c) = -7*c + 49. Let o(v) = j(v) + 6*r(v). Give o(6).
-11
Let h(y) be the first derivative of -y**5/20 + 2*y**4/3 - y**3 - 7*y**2/2 - 7*y - 16. Let p(q) be the first derivative of h(q). Give p(7).
0
Let q = 227 - 221. Let v(d) = d - 7. Calculate v(q).
-1
Let o(z) be the first derivative of -z**4/4 - 7*z**3/3 - 3*z**2 - 8*z + 354. Calculate o(-6).
-8
Let q(d) = d + 2*d**2 + 1 + d**2 - 2*d**2. Let g(h) = -h**2 - 10*h + 23. Let f be g(-12). Let t be 3/(f + 2 + -4). Determine q(t).
1
Let h(u) = -u + 11. Let s(i) = 2*i + 32. Let v = -18 - -5. Let p be s(v). Determine h(p).
5
Let d(t) = -94*t + t**3 - 12*t**2 + 94*t - 5 + 2. Determine d(12).
-3
Let u(f) be the third derivative of 0 + 0*f**3 + 0*f + 1/24*f**4 + 1/20*f**5 - 1/120*f**6 - 6*f**2. What is u(3)?
3
Let p(v) = v**3 + 7*v**2 + 2*v + 2. Suppose -71*w + 105 = -72*w. Let l = -111 - w. Give p(l).
26
Let z(w) be the first derivative of -w**6/60 - w**5/12 - w**4/12 + 19*w**2/2 + 18. Let x(k) be the second derivative of z(k). Calculate x(-3).
15
Let g(c) = -2*c**3 + 19*c**2 + 11*c - 8. Let u be -8 - -3 - 75/(-5). What is g(u)?
2
Let s = -401 - -229. Let d = 178 + s. Let r(l) be the third derivative of -l**5/60 + 7*l**4/24 - l**3 + l**2. Determine r(d).
0
Let l(a) = a**2 + 4*a - 4. Let m be l(-6). Let x be 2 - 3 - m/((-28)/7). Let r(g) = 3*g**3 - 2*g**3 - 3*g**2 - 4 + 5. Calculate r(x).
-1
Let j = 18 + -61. Let d = 46 + j. Let y(c) = -c**2 - 3*c - 3. Give y(d).
-21
Let m(k) = -4*k**2 - k + 2. Let a(q) be the second derivative of 4*q**4/3 + 5*q**3/6 - 9*q**2/2 - 32*q. Let z(v) = -2*a(v) - 9*m(v). What is z(-2)?
18
Let y = 20 + -17. Let g be y - 2/(-2) - 20/(-5). Let s(f) = 4*f - 7. What is s(g)?
25
Let h be (-8 + 15 + -1)*(3 + -2). Let u(n) = 3*n - 30. What is u(h)?
-12
Let l(n) = n**2 + 26*n + 3. Let s be l(-26). Let p(o) = o**3 - 4*o**2 + 4*o. Determine p(s).
3
Let u(y) = y**3 - 5*y**2 - 4*y - 8. Let o be 1*(-4 + 2) + 5. Let w = 8 - 4. Suppose -w*p + o*l = -21, 2*p + l - 5 = 8. Determine u(p).
4
Suppose -2*b + 5*y + 31 = 0, 0 = -5*b + b + 3*y + 27. Let l = 20 - 18. Let j(s) = 42 - 39 + 3*s**l + 3*s - 4*s**2. Calculate j(b).
3
Suppose -3*c - 13 = -3*m - c, -2*m + 4*c + 6 = 0. Let x(b) = 28*b**3 - 29*b**3 - 3*b**2 - 3*b + m*b + 4. Suppose 1 = 4*f + 13. What is x(f)?
-2
Let c(f) = -f**3 - f**2 - 2*f - 1. Let h be (6/5)/(3/75). Let s be (-16)/10 + (-12)/h. Calculate c(s).
7
Let s = -50 + 52. Let c(y) = -308 + 5*y**s + 308. What is c(-2)?
20
Let x(t) = t - 1. Let d(p) = 5*p + 4. Let m(g) = d(g) + 6*x(g). Let b(n) = 10*n - 1. Let w(r) = -7*b(r) + 6*m(r). Let s be (-2)/((-12)/3)*-8. Give w(s).
11
Let i be (-13 - (-550)/40)/((-2)/(-8)). Let r(f) = f**3 - 2*f**2 + 2*f + 3. What is r(i)?
18
Let m(c) = -c - 34. Let y(k) = -2*k - 51. Let x(p) = 7*m(p) - 5*y(p). Determine x(-6).
-1
Let q(w) = -62 - 69 + w - 57 + 180. What is q(14)?
6
Let n(x) be the third derivative of -x**6/120 + x**5/30 + x**4/6 - x**3/2 - 2*x**2 - 38. Determine n(2).
5
Let p be 11 + -18 - 0 - (-1 - -7). Let s(z) = -z**2 - 11*z + 13. What is s(p)?
-13
Let a(k) = -k**3 + 3*k**2 + 4*k + 2. Let w be a(4). Let d(z) be the first derivative of -6*z - 7/2*z**w + 1 - 1/3*z**3. Calculate d(-4).
6
Let w(g) = -g**2 - 4*g - 1. Let c(n) = 7*n + 2. Let j(q) = q. Let h(y) = -c(y) + 4*j(y). Let d be h(2). Let u be d/(-44) - 70/22. What is w(u)?
2
Suppose u + 3*g + 7 = 0, -u = -3*g + 5*g + 4. Suppose u = -i - i. Let a(w) = -16*w**2 - w - 1. Determine a(i).
-16
Let z(m) = 5*m. Let l(p) = -4*p**3 - p**2. Let h be l(-1). Suppose -4*n + 9 = 4*u - h*u, -4*n = 2*u - 10. Let s(g) = -2*g + 1. Let w be s(u). Give z(w).
-5
Let o(v) = -12*v**2 + v + 29. Let h(l) = -17*l**2 + 2*l + 43. Let y(a) = 5*h(a) - 7*o(a). Determine y(6).
-6
Let p(b) = -11*b**2 + 4*b + 4. Let i(x) = 8*x**2 - 4*x - 4. Let l(k) = -3*i(k) - 2*p(k). What is l(3)?
-2
Let b(g) be the first derivative of 3*g**4/4 - g**3/3 - g**2 + 121. What is b(2)?
16
Let c(x) = x**2 - 2*x + 1. Let k be (16/40)/((-1)/(-5)). Let m be c(k). Let j be m*3/12*0. Let a(f) = -f + 4. Calculate a(j).
4
Let d(k) be the first derivative of k**4/24 - 5*k**3/6 - 15*k**2/2 + k + 40. Let l(p) be the second derivative of d(p). Calculate l(3).
-2
Let g(b) = -b**2 + 16*b - 15. Suppose -6*p = -4*p - 30. Let l be g(p). Let o(i) = i - 3. What is o(l)?
-3
Let h = -2126 - -2126. Let d(f) be the third derivative of 1/12*f**4 + 1/6*f**3 + h*f + 0 - 7*f**2. Calculate d(-6).
-11
Let q(t) = 7*t - 19*t - t**2 - 7 - 6. Suppose 66 = -24*c + 18*c. Calculate q(c).
-2
Let g(x) = x**2 - x. Suppose 4*l = 5*m - 83, 0*l - 4*l - 64 = -4*m. Let f = -37 + 20. Let h = f + m. Give g(h).
2
Let t = 9 + 3. Suppose -a + 4*a = -5*j - t, -4 = a. Let m(q) = j + q + 6 - 3. Give m(0).
3
Let o(p) = 3*p - 24 - 3*p + 10*p. Let i = 4 + -6. Let l(w) = 3*w - 8. Let g(s) = i*o(s) + 7*l(s). Give g(6).
-2
Let n be -8 + 9/((-135)/(-120)). Let k(j) = j - 1 + 0 - 4. Give k(n).
-5
Suppose -4*u = 4*b - 28, -2*u + 5*u - 5*b - 5 = 0. Let m(p) = 4 - 4*p**2 + 0*p**2 - 2*p**2 + 3*p - 12*p**3 + 13*p**3. Calculate m(u).
-6
Let b(c) be the third derivative of c**5/60 + c**4/24 + c**3/6 - 50*c**2. Give b(0).
1
Let k(r) = -r**3 + 9*r**2 - 7*r - 2. Let f be 11 - (7 - (-6 - -10)). Calculate k(f).
6
Let a(t) be the second derivative of -t**5/20 + 5*t**4/4 - 8*t**3/3 + 33*t**2/2 - 16*t. Let k be a(14). Let f(s) = s**2 - 5*s + 3. What is f(k)?
3
Let a(m) = m**3 + 8*m**2 - 2*m - 11. Let b(l) = 2*l**3 - 19*l**2 - 13*l + 22. Let q be b(10). Give a(q).
5
Let a(b) = -b + 12. Let h be ((0/2)/(-4))/(-1). Suppose 0 = -h*u - 5*u + 75. Suppose -5*v - u = -4*k, 3*v = 3*k - 2 - 10. What is a(k)?
7
Let w be 1/(-2) + 35/(-10). Let i(p) = -p - 7. Let k(a) = -3. Let h(x) = -3*i(x) + 7*k(x). Determine h(w).
-12
Let n(a) = 1 - 7*a + 0*a**2 - 5*a**2 - a**3 - a**2. Let k = 0 + 20. Suppose -10 + k = -2*b. Determine n(b).
11
Let a(t) = 7*t - 1. Let k = -17 - -25. Suppose -6 + k = 2*z. Give a(z).
6
Let m(c) be the first derivative of -c**3/3 - 2*c - 160. Let a(h) = -h**2 - 6*h - 3. Let n be a(-6). What is m(n)?
-11
Let o(i) be the first derivative of -i**4/4 + i**3/3 + i**2 + i + 1. Suppose 0 = -x - 4*x + 4*g + 70, 5*g = -4*x + 97. Suppose -x = -17*s + 8*s. What is o(s)?
1
Let s be (4 - 5)*(-2 - 5). Let q = s - -2. Let i = -12 + q. Let u(x) = -x - 1. Determine u(i).
2
Let u(a) = -4*a**2 + 6*a - 3. Let i(v) = -9*v**2 + 14*v - 6. Let b(o) = -2*i(o) + 5*u(o). Give b(2).
-7
Let i(m) = 4. Let s(c) = -16*c + 50. Let w(l) = -12*i(l) + s(l). Determine w(2).
-30
Let l(b) be the first derivative of 0*b + 0*b**2 + 0*b**3 + 1 - 1/4*b**4. Determine l(-1).
1
Let u(f) be the first derivative of 10*f**3/3 + 2*f - 41. Determine u(2).
42
Suppose 6*k - 16 = 38. Let w(b) = 6*b + 13*b + k*b - 24*b. What is w(1)?
4
Let r = -2 + 1. Let c(u) be the second derivative of u**4/6 - u**3/6 - u**2/2 + 192*u. Calculate c(r).
2
Let f be ((-276)/230)/(2/15). Let n(d) = -d - 4. Determine n(f).
5
Let t(j) = -50 + 24 - 5*j + j**2 + 29 - 3*j**2. Give t(-3).
0
Let a(r) = 4*r**2 - 7*r + 11. Let b(t) = -7*t**2 + 15*t - 21. Let l(u) = -5*a(u) - 3*b(u). Suppose -8*o = -437 + 365. Give l(o).
-1
Let a(p) = -p**2 + 6*p + 2. Let r = -814 + 818. What i